794262.
7
What is the highest common divisor of 24395 and 69139?
119
What is the greatest common factor of 1118005 and 1717?
17
What is the greatest common divisor of 2064 and 654?
6
What is the highest common factor of 32 and 47647328?
32
Calculate the highest common divisor of 15 and 65923545.
15
Calculate the greatest common divisor of 184 and 5657528.
8
Calculate the greatest common divisor of 3263204 and 196.
196
What is the highest common factor of 2485 and 357320635?
2485
Calculate the greatest common divisor of 5 and 37262915.
5
Calculate the highest common factor of 414409 and 28169.
17
Calculate the greatest common divisor of 245063415 and 255.
255
Calculate the greatest common factor of 1963014 and 32118.
318
Calculate the greatest common factor of 216 and 283733904.
24
Calculate the greatest common factor of 553794 and 56649.
69
What is the greatest common factor of 23729 and 480619?
61
Calculate the greatest common divisor of 1412 and 4039379.
353
Calculate the greatest common factor of 5980306 and 292.
146
What is the highest common factor of 41 and 194289939?
41
Calculate the highest common factor of 438 and 2431046.
146
Calculate the greatest common divisor of 4140 and 25984710.
2070
Calculate the highest common divisor of 190 and 414013040.
190
Calculate the highest common divisor of 17376 and 36552.
24
What is the greatest common divisor of 112272 and 2696?
8
What is the highest common divisor of 2963213 and 209?
11
Calculate the highest common divisor of 42424085 and 33.
11
Calculate the greatest common factor of 3225 and 78037131.
129
Calculate the highest common factor of 100 and 2257510.
10
What is the greatest common factor of 3103 and 189161983?
3103
What is the greatest common divisor of 20755 and 268093?
7
Calculate the greatest common factor of 840 and 7945140.
420
What is the greatest common divisor of 1752 and 249?
3
What is the highest common factor of 219725 and 152150?
425
Calculate the highest common divisor of 40488 and 357000.
168
What is the highest common divisor of 18431 and 6937?
7
What is the greatest common factor of 415120 and 650?
10
Calculate the highest common factor of 68598 and 84582.
666
Calculate the highest common factor of 5065581 and 1.
1
Calculate the highest common factor of 4497 and 4873249.
1499
Calculate the greatest common divisor of 4093113 and 12464.
19
What is the highest common factor of 36765 and 241875?
1935
Calculate the highest common factor of 101661 and 576800.
721
Calculate the highest common divisor of 36 and 28152108.
36
What is the greatest common divisor of 354285 and 1665?
45
Calculate the greatest common divisor of 169324957 and 82.
41
Calculate the highest common factor of 5186826 and 36.
18
Calculate the greatest common divisor of 140380680 and 1320.
1320
What is the greatest common divisor of 264966 and 11869118?
6794
What is the highest common factor of 39722502 and 133?
19
Calculate the highest common factor of 233521 and 3223.
293
What is the highest common factor of 4386030855 and 17?
17
Calculate the highest common divisor of 3212 and 13998188.
292
What is the greatest common factor of 8089344 and 4032?
576
Calculate the greatest common factor of 1852728 and 136.
136
Calculate the highest common factor of 125 and 9457845.
5
Calculate the greatest common divisor of 10118199 and 3549.
3549
What is the greatest common divisor of 51519 and 126906?
39
What is the greatest common factor of 274547 and 1183?
91
Calculate the highest common factor of 123223 and 101.
1
Calculate the highest common divisor of 1375138 and 22790.
106
What is the greatest common factor of 524 and 194011?
131
Calculate the greatest common factor of 1254 and 362964866.
418
Calculate the greatest common factor of 2934200 and 2589.
863
What is the greatest common divisor of 28 and 5854170?
14
Calculate the greatest common factor of 2112 and 1235100.
12
What is the greatest common factor of 16218 and 2979182?
34
Calculate the greatest common divisor of 8058923 and 13501.
587
Calculate the highest common factor of 266 and 3478006.
14
What is the greatest common factor of 12243024 and 2028?
12
What is the greatest common factor of 173083 and 2586761?
2371
Calculate the greatest common divisor of 30624 and 55770000.
528
What is the highest common factor of 10184810 and 246?
82
What is the highest common divisor of 128715 and 5625?
15
Calculate the highest common factor of 51465 and 82185.
15
What is the highest common divisor of 132639626 and 791?
791
Calculate the greatest common divisor of 4896 and 419301.
9
Calculate the highest common factor of 3460 and 318380.
20
Calculate the highest common factor of 2299 and 107255.
19
What is the greatest common factor of 1139343 and 6?
3
What is the highest common factor of 2195470 and 460?
10
What is the highest common divisor of 2912 and 22791328?
224
What is the highest common factor of 826902293 and 4361?
4361
What is the greatest common divisor of 268575 and 429225?
75
Calculate the greatest common factor of 32232 and 15096.
408
Calculate the highest common divisor of 297 and 1645569.
27
Calculate the greatest common factor of 35407025 and 10444.
373
Calculate the greatest common divisor of 1085560 and 70.
70
Calculate the highest common factor of 32 and 22786704.
16
What is the greatest common divisor of 9832 and 62960?
8
Calculate the greatest common divisor of 310 and 15275870.
310
Calculate the greatest common divisor of 467 and 147455717.
467
What is the highest common factor of 54675343 and 1732?
433
What is the greatest common divisor of 3525029910 and 2622?
2622
What is the highest common factor of 207 and 24392466?
207
Calculate the highest common divisor of 28131 and 27.
3
What is the highest common factor of 17 and 200991?
17
Calculate the greatest common divisor of 7180255 and 305.
5
What is the greatest common divisor of 4675744 and 16160?
32
Calculate the highest common factor of 199450209 and 8708.
2177
Calculate the highest common divisor of 2154 and 1359777120.
2154
What is the greatest common factor of 2916 and 6700563?
81
Calculate the highest common factor of 5074 and 392973689.
2537
What is the greatest common factor of 29 and 312163569?
29
Calculate the greatest common divisor of 15 and 1737671055.
15
Calculate the greatest common divisor of 505 and 33342625.
505
What is the highest common divisor of 91 and 94389191?
13
What is the highest common divisor of 36598 and 648034?
58
Calculate the highest common factor of 415721737 and 7899.
2633
What is the highest common divisor of 401524 and 91612?
148
What is the greatest common divisor of 2937989 and 38?
19
Calculate the greatest common factor of 46 and 1829303436.
46
What is the greatest common factor of 10730 and 107966?
74
Calculate the highest common divisor of 6817254 and 238326.
942
What is the highest common factor of 2630836 and 3016?
52
Calculate the highest common factor of 3187218 and 6.
6
What is the highest common divisor of 12851896 and 480?
8
Calculate the highest common factor of 2007 and 34531773.
669
What is the highest common factor of 17706 and 422370?
78
Calculate the greatest common divisor of 13602614 and 5704.
1426
What is the greatest common factor of 500 and 1316770?
10
What is the greatest common divisor of 255420 and 32759980?
9460
Calculate the highest common divisor of 13611144 and 152.
152
Calculate the greatest common divisor of 534 and 1004793802.
178
Calculate the highest common divisor of 612 and 2297.
1
Calculate the highest common factor of 263488848 and 34.
34
Calculate the highest common factor of 54536 and 23694288.
3208
Calculate the highest common divisor of 338950 and 277600.
50
Calculate the greatest common divisor of 251 and 17863419.
251
Calculate the highest common factor of 94221 and 32509.
551
What is the highest common factor of 85671254 and 1676?
838
What is the greatest common divisor of 25752444 and 36?
12
What is the highest common divisor of 4020 and 5573730?
2010
Calculate the highest common divisor of 8046 and 642.
6
What is the highest common factor of 7239562 and 763?
109
Calculate the highest common divisor of 19305154 and 44.
22
Calculate the greatest common divisor of 46956 and 14231581.
3913
Calculate the highest co